o - 5*o**2 - 48*o + 3 + 0*o**2 + 17*o**2 + 49*o**2. Give x(1).
60
Suppose -5*m = -3*m + 4*d - 26, -4*d = 5*m - 35. Let s(z) = -z + 6*z**2 - 1 - 2*z**2 + z**3 + 4 - m*z. Let h be (82/(-205) + 8/(-20))*(-10)/4. Calculate s(h).
19
Let p(q) = -q + 1. Let y(z) = 4*z - 2. Suppose -90*l - 65 = -77*l. Let g(k) = l*p(k) - y(k). What is g(5)?
2
Let l(c) = c**2 + 5. Let m be l(0). Suppose -3*p + 26 = -m*p. Let h(x) = x**2 + 13*x - 5. Give h(p).
-5
Let h(r) = 5*r + 4. Let j = 829 + -525. Suppose 307*a = j*a - 3. Calculate h(a).
-1
Let u = 20 - 35. Let i(m) = m**2 + 95*m - 7. Let s(p) = -2*p**2 - 210*p + 15. Let v(j) = -9*i(j) - 4*s(j). Determine v(u).
3
Let t(m) be the first derivative of 5/2*m**2 - 11 - 9*m + 1/3*m**3. Let i be (-6)/8 + 50/(-8). Determine t(i).
5
Let f(j) = 129*j + 2203. Let h be f(-18). Let c be -1*((-1 - -1) + 124). Let s = h - c. Let l(v) = -v + 1. What is l(s)?
-4
Suppose 45*v = 44*v + 6. Let c = -16 + 22. Let q(d) = -c + 8 + 10*d - 3*d + 4 - d**2. Determine q(v).
12
Let b = 163 + -243. Let i = b + 95. Suppose 2*o + i = -o. Let y(x) = -x**2 - 6*x + 2. What is y(o)?
7
Let z(l) be the third derivative of l**5/60 - 13*l**4/12 - 17*l**3/6 - 110*l**2 + 2*l. Determine z(27).
10
Let f be 126/(-36) - (-3)/(-2). Let k = -1 - f. Let b(d) = 4*d - 4*d - k*d + 5*d. Give b(0).
0
Let c(q) be the second derivative of -q**7/2520 - q**6/45 - 19*q**5/120 - 13*q**4/4 - q**3/3 + 84*q. Let o(x) be the third derivative of c(x). Give o(-14).
9
Let c(d) = 5*d**2 - 21*d - 21. Let r be (-4)/(-6)*(2 - (-42)/(-12)). Let n be c(r). Let t(z) = 6 - 3*z + 0*z + 0*z. What is t(n)?
-9
Let z(h) = -h + 11. Let l be z(17). Let d be (-2 - 0)/6*(-3 - l). Let w(b) be the first derivative of 14*b**3/3 + 1. What is w(d)?
14
Let b(q) = q**3 + q**2 - 5*q + 6. Let l be (114/133)/(1/(-7)) - (-3)/1. Determine b(l).
3
Let s(n) = -n**2 + 10*n + 10. Let a(f) = -9*f**3 - 1. Let d(v) = -v**2 + 18*v - 1. Let p be d(18). Let r be a(p). Calculate s(r).
26
Suppose 2*a - 6 = -2*g, 24 = -4*g - 0*g + 5*a. Let p(l) = 5*l + 3. Let y(s) = -2*s. Let c(m) = g*p(m) - 2*y(m). Give c(3).
-6
Let x(a) = -31*a**3 + 2*a - 1. Let r be -2*((-1)/(2/(-8)) + (-90)/20). Give x(r).
-30
Let d(v) = -9 + 11 - 6*v - 2 - 11*v - 6. Calculate d(-4).
62
Suppose -807 = 3*m - 3*q, 5*m = -4*q - 0*q - 1327. Let u = m - -273. Let z(v) = v**2 - 8*v + 4. Determine z(u).
-8
Let s(l) = -3*l - 3. Let p be s(-2). Suppose 34*c - 49*c + 30 = 0. Let k(i) = c - 3 + 13 + 2*i - p*i. What is k(7)?
5
Let t be 1/4*4*10. Suppose -41 + t = -w. Let x(c) = 30*c - 2*c**3 - w*c - 3*c**2 + 0*c**3 + 3*c**3 + 2. Determine x(-2).
-16
Suppose 38*o - 72 = 14*o. Let y(k) = -k**3 + o*k**3 + k**3 + 0*k**2 - 4*k + 4 + 5*k**2 - 4*k**3. Determine y(4).
4
Let z(n) = -n**2 + 37*n - 17*n + 302 - 3*n - 305 + 9*n. Calculate z(13).
166
Let f(j) = -142*j + 46*j + 56*j + 39*j - 9. Give f(12).
-21
Let z(c) = -13*c + 1. Let k be 80/1200*(-33)/(-1) - (-6)/(-5). Give z(k).
-12
Let k = 84 + -86. Let h be 4 + (-4 - 0/1) + k. Let w(m) = m**2 + 2. Calculate w(h).
6
Suppose 5*z - 5*u = 30, 43 = 4*z + u - 1. Suppose 16*j - z = 11*j. Let q(w) = -4 - 5*w**2 - 4*w**j + 10*w + 11 + 8*w**2. Give q(9).
16
Let f(z) = -174 + 2*z - 2*z + 199 + z. What is f(-8)?
17
Let o(j) be the second derivative of j**5/20 + 7*j**4/12 + 7*j**3/6 + 9*j**2/2 - 2*j. Let m be 35/((-280)/4)*(13 + 1 + -2). Give o(m).
3
Let r(d) be the third derivative of 1 - 10*d**2 - 5/3*d**3 + 0*d - 1/24*d**4. Give r(-8).
-2
Let n(m) = 4*m - 16. Suppose -4*r + 0*i - 2*i - 76 = 0, 5*r - 4*i + 69 = 0. Let t(l) = 2*l**2 + 34*l + 4. Let z be t(r). Calculate n(z).
0
Let j = -30 + 35. Suppose -2*v + 3*v + j = 0. Let l(p) = -2*p**2 - p**2 + 4*p**2 - 2*p**2 - 5*p + 2. Calculate l(v).
2
Suppose -6*a = -4887 - 6993. Let t(m) = 2*m + 1985 - 6*m - a. Let v(r) = -7*r + 9. Let z(q) = -5*t(q) + 3*v(q). Calculate z(5).
-3
Let s(a) = a**3 + 4*a**2 + 2*a + 3. Let m be s(-3). Let j(o) = -4*o - 7. Let k(t) = -t + 2*t - 8 + 13 + 2*t. Let n(q) = m*k(q) + 4*j(q). Determine n(-4).
-6
Let t(w) be the second derivative of w**3/2 - w**2/2 - 2197*w - 2. Calculate t(-10).
-31
Let a(i) be the first derivative of 58 + 1/4*i**4 - 4*i - i**3 - i**2. What is a(4)?
4
Let b(x) = x**3 - 7*x**2 - 23. Suppose -5*z = -3*c - 41, -416*z - 2*c = -418*z + 18. What is b(z)?
-23
Let f(g) = -19*g**3 + 3*g**2 + 11*g - 55. Let r(z) = 43*z**3 - 8*z**2 - 20*z + 109. Let n(x) = -9*f(x) - 4*r(x). Determine n(4).
-1
Let o(s) be the first derivative of -s**3/3 + 4*s**2 - 9*s - 30158. Let n = -1 + 1. Suppose n = -u + 2 + 5. Determine o(u).
-2
Suppose 2*l + 8 = -2. Let f be 24*(-270)/24*4/(-6). Let k(w) = -184 - f + 362 - w. What is k(l)?
3
Let n(q) = 3*q + 27*q**2 - 95*q**2 - 3 + 36*q**2 + 31*q**2. Give n(11).
-91
Let s(v) = 14*v - 1. Let w(h) = h - 31. Let p(a) = s(a) - 3*w(a). Give p(-8).
4
Let d(f) = 2*f + 10. Let w be d(5). Suppose -4*u = -b - w, 5*u + 4*b - 74 = -28. Suppose 11 = -5*g + u. Let j(q) = 8*q**3 + q**2 + q. Determine j(g).
-8
Suppose 91 = 35*p - 28*p. Suppose -8*h + 11 = -p. Let c(b) = -b**3 + b**2 + b - 4. Give c(h).
-19
Let c(o) be the first derivative of 112 - 2*o + 2*o**3 + 2*o**2 + 1/4*o**4. What is c(-5)?
3
Let m(z) = -38*z**2 - 13*z - 3. Let a(j) = -63*j**2 - 27*j - 6. Let f(x) = -3*a(x) + 5*m(x). Calculate f(13).
42
Let l(m) = m**2 + 3*m + 3. Let b be (10680/(-20))/(6/(-4)). Suppose -b*a + 355*a = 4. Determine l(a).
7
Let c be -1*(0 - -1)/(2/(-4)). Let p(g) = -8*g - 14. Let m(w) = -3*w - 5. Let s be 1106/98 - (-2)/(-7). Let d(k) = s*m(k) - 4*p(k). What is d(c)?
-1
Suppose 2*a = -3*r + 14, 3*a - 34 = -4*r + 8*a. Suppose 104 = 2*m - r*m. Let w = m - -25. Let h(i) = 20*i**2 + i + 1. Calculate h(w).
20
Let b(q) be the third derivative of q**6/120 - q**5/60 + q**4/12 - 32*q**3/3 + q**2 - 104. Calculate b(0).
-64
Let q(c) = -19*c - 8. Let b be q(0). Let o(j) = -2*j - 2*j + 7*j - 1 + 11. Determine o(b).
-14
Let z = 8 - 4. Let f(q) = q + q - z*q. Let n be (-48)/14*(-574)/328. Give f(n).
-12
Let j(a) = 5*a - 3*a + 41 + 39 + 47 - 117. What is j(-13)?
-16
Let w(n) = -7*n + 38. Let s(i) = 8*i - 45. Let b(t) = 5*s(t) + 6*w(t). Suppose -64 = -4*m - 0*m. Suppose 4*g + m = 0, -2*h + 2*g - 7 = 3*h. Give b(h).
9
Suppose 5*a - 20 = -o, 3*o - 2*a = 6*o - 21. Let n(t) = -t - 4*t - 2*t + o*t. Let v(m) = -m**3 + 5*m**2 + 203*m + 13. Let s be v(17). Give n(s).
8
Let a(v) = -121*v + 87. Let c(o) = 143*o - 87. Let f(z) = -6*a(z) - 5*c(z). Calculate f(8).
1
Let l(c) = 2 + c - 5*c - 3*c**2 + 2*c**2 + 3*c. Let j be (-4*1/2)/((-2)/(-4)). Determine l(j).
-10
Let m(d) = 3*d + 37. Let n be m(8). Suppose -35*f + n = -184. Let a(j) = -3*j + 7. Calculate a(f).
-14
Let m(f) = 2 - 2*f**2 - 4*f**2 + 7*f**2 - 3 - 4*f. Let x(k) = -k**2 - 8*k - 7. Let u(r) = r - 6. Let c be u(0). Let v be x(c). Give m(v).
4
Let i(z) = 5*z + 1. Let y = -75 + 100. Suppose 0 = 3*l + t - 1, 4*t + t = -y. Determine i(l).
11
Let z(b) = 3*b**3 - 50*b**2 - 36*b + 22. Let f(y) = y**3 - 18*y**2 - 13*y + 7. Let i(r) = -11*f(r) + 4*z(r). Determine i(4).
39
Let l(y) be the third derivative of -10*y**2 - 1/24*y**4 - 3*y + 1/2*y**3 + 0. Calculate l(7).
-4
Let n(z) = -z**2 + 4*z - 6. Let q be -811*1/(-4 + (-3)/(-1)). Let b = q - 808. Determine n(b).
-3
Let x be 1*(2 - 2)*((-132)/24)/11. Let v(g) = -3*g**2 - 2*g - 19. What is v(x)?
-19
Let z = 72 - 91. Let o = -20 - z. Let y(k) = 23*k. Determine y(o).
-23
Let y(v) be the second derivative of 4*v**3/3 - 23*v**2 + 3405*v. Give y(6).
2
Let r(c) = -3*c**2 - 26*c + 639. Let s be r(11). Let u(p) = 2*p**3 + 20*p**2 - p - 15. Calculate u(s).
-5
Let k(w) be the third derivative of -7*w**4/24 + 7*w**3 - 2*w**2 - 273*w. Determine k(7).
-7
Let q(r) = -r**2 - 3*r. Let i be q(-2). Suppose i*p = 19*p + 29*p. Let n(d) be the second derivative of d**5/20 - d**4/12 + d**3/6 + 11*d**2/2 - d. Give n(p).
11
Let d(k) = 63*k - 44. Let p(t) = 290*t - 200. Let r(h) = -23*d(h) + 5*p(h). Let u be ((-2)/(-3))/((-1)/9). Give r(u).
6
Let s = -807 + 809. Suppose -3*q - 16 = -s*m, m - 5 = 5*q + 17. Let w(d) be the first derivative of -d**4/4 + d**3 + 3*d**2/2 - 3*d - 1. Calculate w(m).
7
Suppose -12*a + 6*a + 42 = 0. Let i(z) = -8 + 13*z + 10*z + a - 19*z. Determine i(1).
3
Let w(x) = 3*x - 4. Let o(h) = 7*h - 8. Let z(n) = -2*o(n) + 5*w(n). Let s = 32880 + -32870. Determine z(s).
6
Let f(z) = -z - 